, 11
Suppose 0 = -0*k - 3*k + 18. Let m be -5*((-120)/25)/k. Suppose 0*h - 35 = -2*h - v, -m*h = 4*v - 64. What are the prime factors of h?
19
Let j = -1114 - -4786. What are the prime factors of j?
2, 3, 17
Suppose -4*q = 3*u - 31, 3*u - 9*q - 71 = -5*q. Suppose -5 + u = 4*y. Suppose -3 = 3*p, 21 + 293 = y*d + p. List the prime factors of d.
3, 5, 7
Suppose -38*u + 244998 - 76886 = 0. What are the prime factors of 108/126*u/6?
2, 79
Suppose -5*x - 2989 = -3*w + 2314, -3*x - 8865 = -5*w. List the prime factors of w.
2, 3, 37
Suppose -q - 5*y + 479 = 0, 5*q + 5*y = 4*y + 2419. Suppose -q*i + 479*i + 2475 = 0. What are the prime factors of i?
3, 5, 11
Suppose 0 = -21*s - 2896 + 733. Let v = 765 - s. List the prime factors of v.
2, 7, 31
Let a(i) = i**2 + 5*i + 249. Let n be a(16). Let p = -429 + n. What are the prime factors of p?
2, 3, 13
Let t(o) be the third derivative of o**4/8 + o**3 - 28*o**2. Let a be t(8). Let h = a - -11. List the prime factors of h.
41
Let j = 192 + 2167. What are the prime factors of j?
7, 337
Let q = -5506 - -11096. List the prime factors of q.
2, 5, 13, 43
Let b(a) = 4*a**2 + 20*a + 46. Let g be b(-12). Suppose 3*x = -2*u - 0*u + g, -3*x = -6. What are the prime factors of u?
2, 47
Let r be (-1)/1*1*0/(-106). Suppose r = -6*k - 20*k + 364. List the prime factors of k.
2, 7
Let g(r) = 272*r + 387. List the prime factors of g(16).
7, 677
Let g be -18*(-6)/(-12)*1. Let r be (-4)/(60/g) + (-164)/(-10). What are the prime factors of (-12)/((-6)/2)*r/4?
17
Let s = -23 - -65. Let q = s - 35. Suppose -q*f + 892 = 73. What are the prime factors of f?
3, 13
Suppose -37*f = -23*f - 37002. List the prime factors of f.
3, 881
Suppose 36*z - 74*z = 62*z - 1357600. List the prime factors of z.
2, 1697
Let v(i) be the first derivative of 159*i**4/2 - i**3/3 - i**2 + 2*i + 22. What are the prime factors of v(1)?
317
Let h = 1114 - 1624. Let y = -156 - h. List the prime factors of y.
2, 3, 59
Let k be ((-32)/10 - 7/(-35)) + 4. Let v(f) be the second derivative of 23*f**5/20 + f**4/12 - f**2 - 2*f. List the prime factors of v(k).
2, 11
Suppose -24*b + 7*b = 14*b - 603198. What are the prime factors of b?
2, 3, 23, 47
Let r(f) = -24*f + 2. Suppose -b + 3*s = -1, -s = 2*b - 0*b - 2. Let v be r(b). Let p = 52 - v. List the prime factors of p.
2, 37
Let p be 0 - (2/8 + (-8)/32). Let h(g) = -g**2 + 4. Let l be h(p). Suppose 4*y - 419 = 5*b, l*y - 427 = -3*b - 0*b. List the prime factors of y.
2, 53
Let w be 1 - (-632)/10 - (-1)/(-5). Suppose 0 = -k + 5*f + 170, k - w - 103 = 4*f. Suppose -v + 5*z + 6 = -39, 3*v = 5*z + k. What are the prime factors of v?
5, 11
What are the prime factors of 9874/(((-126)/(-27))/7)?
3, 4937
List the prime factors of (1446/24*17 - 4) + 2/(-8).
2, 3, 5, 17
Suppose 10*z - 31 - 79 = 0. Let x(w) = w**3 - 11*w**2 + 7*w - 6. Let c be x(z). Let f = c + -39. List the prime factors of f.
2
Let a = 106 + 90. Suppose 2*w + a = -96. Let t = 219 + w. List the prime factors of t.
73
Suppose -13*k + 563718 = 33*k - 83686. What are the prime factors of k?
2, 31, 227
Suppose -713*u + 709*u = -5*j - 24514, -3*u = -5*j - 18388. What are the prime factors of u?
2, 3, 1021
Let j(u) = u**2 - 1. Let w(n) = n**3 - 17*n**2 - 3*n + 25. Let o(i) = -6*j(i) - w(i). What are the prime factors of o(8)?
197
Let p = -178 + 203. Suppose -2*h + 3*v + 210 = p, 5*h - 4*v = 459. What are the prime factors of h?
7, 13
Let j(g) = -g**2 - 13*g - 16. Let r = -5 - 5. Let z be j(r). Let u = z - 1. What are the prime factors of u?
13
Suppose 583 = 17*g - 2171. What are the prime factors of g?
2, 3
Let i = 196 - 138. Let k = 24 + i. List the prime factors of -1 + 3 - (2/2 - k).
83
Let x = 6383 - 4170. What are the prime factors of x?
2213
Suppose 4*v + 10*r - 26132 = 0, 3*v - 3*r - 25345 = -5746. What are the prime factors of v?
47, 139
Let y = -219 + 213. List the prime factors of 28 - (-24)/6 - y.
2, 19
Suppose -13*k = 79 - 1. Let g(b) = 6*b + 50. Let a be g(k). Suppose -a*d + 3*d = -792. What are the prime factors of d?
2, 3
Suppose r - 1029 = -2*f, -2*f + 2*r + 1659 = 633. Suppose 3*a + f = u + 82, -1288 = -3*u + 5*a. List the prime factors of u.
2, 3, 71
Suppose 2272654 = 184*g - 8363834. What are the prime factors of g?
3, 2141
Let x be (-6)/15 - 19/5*-3. Suppose x*u - 539 = -0*u. Suppose -u = -w + 47. What are the prime factors of w?
2, 3
Let y(u) = -8*u + 5*u - 9 + 3 - 7*u + 4*u**2. Let f be y(7). Suppose -w + f = 31. What are the prime factors of w?
89
Let j(o) = 3*o**2 + 11*o - 9. Suppose 3*h = -469 + 172. Let y = -109 - h. List the prime factors of j(y).
181
Let l = -47 + 50. Suppose l*p - 290 = p + 4*d, 0 = 2*p - 5*d - 293. List the prime factors of p.
139
Suppose -6*j + 34 = -14. Suppose j*o - 6 = -3*f + 4*o, -3*f + 6 = 2*o. Suppose -y - f*y = -339. List the prime factors of y.
113
Suppose -3*y = 3*l - 14316, -5892 = 4*y + 5*l - 24978. What are the prime factors of y?
2, 7, 11, 31
Let j(w) = 2*w**2 + 130*w + 3695. What are the prime factors of j(-70)?
3, 5, 293
Let s be 255/35*-1 - (-4)/14. Let c(o) = o**2 + 8*o + 10. Let d be c(s). Suppose 0*i = d*i + 2*u - 57, 5*i + 5*u = 100. List the prime factors of i.
17
Let a(o) = -3*o - 13. Let f be a(-4). Let i be 22 + f - 0/5. Suppose -18*c = -i*c + 72. List the prime factors of c.
2, 3
Let m = -123220 + 184510. List the prime factors of m/144 - 12/(-32).
2, 3, 71
Suppose 4*k = -3*h + 25, -2*h - k = k - 16. Let c be (h - 4) + (2 - -34). What are the prime factors of c/(-6)*(-2 + -8)?
5, 13
Let x = 218 + -210. Suppose -1744 = -x*p - 0*p. What are the prime factors of p?
2, 109
Let z(m) = -16*m + 19 + 24 - m**2 + 3 - 23. What are the prime factors of z(-11)?
2, 3, 13
Suppose w - 10757 = 3*t, 4*w - 315*t + 319*t = 43108. List the prime factors of w.
2, 2693
Let r(q) be the first derivative of 13/2*q**2 - 11 + 0*q. What are the prime factors of r(4)?
2, 13
Let r = 13867 - 6792. What are the prime factors of r?
5, 283
Let i(r) = -4*r**3 - r**2 - r. Suppose 3*z = -13 + 10. Let k be i(z). Let p(b) = 13*b - 37. List the prime factors of p(k).
3, 5
Suppose -3*b + 3*n = -61398, 0*b - 4*n = 5*b - 102249. What are the prime factors of b?
3, 2273
Let u = 65 - -7. Suppose 4*d = 4*x + 6*d - u, -x + 4*d + 9 = 0. Suppose 236 = 21*o - x*o. What are the prime factors of o?
59
What are the prime factors of 97/388 - (-185241)/12?
43, 359
Suppose -2*r - 29840 = -5*s, r + 7583 + 4352 = 2*s. What are the prime factors of s?
2, 3, 5, 199
Let v = -1294 + 4719. List the prime factors of v.
5, 137
Let u(r) = 28*r**2 + 3*r + 9. Let o be (-10)/((-3)/(-6)*-4). Let d be u(o). Suppose 5*v + 905 = 5*i - 0*i, -4*i = 2*v - d. List the prime factors of i.
181
Suppose 5*g = -3*x + 989, -5*g + g + 988 = 3*x. What are the prime factors of x?
2, 41
Let a(z) = -131*z**2 - 4*z + 3. Let k(x) = 130*x**2 + 3*x - 2. Let n(o) = 3*a(o) + 4*k(o). Let t be n(2). Suppose 5*f = 26 + t. List the prime factors of f.
107
Suppose -3*t - t + 19892 = 2336. List the prime factors of t.
3, 7, 11, 19
Let s(p) = 2*p**2 + 9*p - 6. Suppose 5*a - 3*a + 14 = 4*c, 17 = -4*a - 3*c. Let i = a - -11. List the prime factors of s(i).
2, 3, 5
Suppose -26*d + 5*d + 9408 = 0. Let o = 388 + d. What are the prime factors of o?
2, 11, 19
Suppose -37524 = 9159*y - 9171*y. What are the prime factors of y?
53, 59
Let f = 22597 + 4335. List the prime factors of f.
2, 6733
Suppose -4*k - 3*y = 88, -3*k + 2*y - 5*y - 66 = 0. Let n(b) = 3*b**2 - 17*b**2 + 34*b**2 - 14 + 19*b - 19*b**2. What are the prime factors of n(k)?
2, 13
Let s(o) = o**3 - 2*o + 9647. What are the prime factors of s(0)?
11, 877
Let b(r) = 9*r - 101. Let h be b(12). Suppose 0 = 2*c + 5*w - 2237, h*w = -3*c + 5*w + 3328. List the prime factors of c.
2, 7, 79
Suppose -2*k - 2*k + 76797 = 20509. List the prime factors of k.
2, 1759
Let g(p) = 15*p + 2*p**2 - 27*p - 3*p**2 + 7. Let c be g(-12). List the prime factors of 219/c - (-1 - (-18)/14).
31
Let u(g) = 15*g**3 - 5*g**2 + 3*g - 81. List the prime factors of u(10).
14449
Let f be 0/(-5*(-8)/20 - 0). Suppose 3*h + 60 = -f*h + q, -h = -q + 18. Let b = 85 - h. List the prime factors of b.
2, 53
Suppose x + 3*x = 12, -2*x = -4*w - 1102. Let q be 5*(-8)/(-2)*20. Let z = w + q. List the prime factors of z.
2, 3, 7
Suppose -3*n - 15 = t, -3*n = 3*t + 23 - 8. Let p